t(x) = -2*x**3 - 4*x**2 - 5*x - 2. Calculate t(y).
8
Let v(c) = 103*c - 1. Let h(n) = -37*n. Let p(d) = -11*h(d) - 4*v(d). Give p(-8).
44
Suppose 0 = -6*q + 33 - 15. Let s(d) = -d**q + 1199*d**2 - 1203*d**2 - 7 - d + 3. Calculate s(-4).
0
Let i(k) be the third derivative of k**4/6 + 9*k**3/2 + 913*k**2. Give i(-10).
-13
Let w(z) = z**3 - 24*z**2 - z + 26. Let h be w(24). Let x(b) = 48*b - h + 3 + 48*b - 93*b. Determine x(-4).
-11
Let j = 7 + 29. Suppose 2*r = -14 + j. Let q = r - 4. Let x(i) = -i + 5. Calculate x(q).
-2
Let g(k) = 38*k**2 + 4*k + 16. Let c(i) = 87*i**2 + 9*i + 38. Let p(f) = 7*c(f) - 16*g(f). Calculate p(-3).
22
Let b(c) be the second derivative of c**5/40 + c**4/12 - 89*c**3/6 - c + 25. Let u(o) be the second derivative of b(o). Give u(-3).
-7
Let j(o) be the second derivative of -7*o - 1/6*o**3 + 7/2*o**2 + 0 + 1/4*o**4. Let b(y) be the first derivative of j(y). Calculate b(2).
11
Let f(b) = 88*b - 47*b - 42*b - 8. Let u = 8 - -16. Let j = u + -30. Determine f(j).
-2
Let l = 3 - 7. Let j(b) = -4 + 2324*b**3 - 6969*b**3 + 2319*b**3 + 2327*b**3 + 2*b**2. Give j(l).
-36
Let g(c) = 21*c**3 + 20 - 13*c**2 - 1 + 19*c**3 + 15*c - 62*c**3 + 21*c**3. Give g(-14).
5
Let m(u) be the third derivative of -u**5/60 - u**4/4 - 16*u**3/3 + 2*u**2 - 64*u. Let f(q) be the first derivative of m(q). Determine f(-14).
22
Let x(k) be the second derivative of k**4/12 - 2*k**3 + 29*k**2/2 - k + 171. Give x(6).
-7
Let t(s) = 3*s**3 - 5*s**2 + 12*s + 4. Let v(g) = -3*g**3 + 6*g**2 - 15*g - 4. Let l(h) = -5*t(h) - 4*v(h). Calculate l(-2).
24
Suppose -6*q - 2*q = -360. Let h = 48 - q. Suppose 5*m + 10 = -h*g, g - m - 1 - 9 = 0. Let u(v) = v**2 - 6*v - 7. Calculate u(g).
-12
Let v(p) = -17*p**3 + 25*p**2 - 45*p - 28. Let q(m) = -7*m**3 + 10*m**2 - 19*m - 11. Let s(c) = -12*q(c) + 5*v(c). Give s(5).
7
Let z(k) = 5*k**2 - 3*k. Let d be ((-6)/5)/((-27)/(-900)). Let v = -38 - d. Suppose -4 = -4*u - v*w, w = 5*u - 18 + 6. Give z(u).
14
Let u be 116/(-203)*7/2*-1. Let j(b) = -u + 5 - 112*b + 111*b. Calculate j(-3).
6
Let c(d) = 5 - d - 2*d + 0*d**3 + 5*d**2 - d**3. Suppose 2*f - 798*i = -801*i + 35, -5*f - 3*i = -47. Calculate c(f).
9
Suppose 48 = -47*c + 71*c. Let n(j) = -2*j + 3 + c - 3*j - 5 + 3. Determine n(-3).
18
Let p(y) = 29 - 436557*y**2 + 218279*y**2 + 218277*y**2 - 9*y. What is p(3)?
-7
Let k(c) be the second derivative of -c**4/6 + 7*c**3/2 + 95*c**2/2 + 2265*c. Give k(14).
-3
Let z(g) = -g**2 + 4*g + 2. Let t be 6 + 12663/49 - 3/7. Let c = t + -260. Determine z(c).
2
Let n(h) = -3*h**2 - 18*h - 11. Let i be n(-5). Let w(t) = 7*t**2 - 10*t + 3. What is w(i)?
75
Suppose 3*o - 5*s - 36 = 0, -3*o + 15 = -2*s - 12. Let q(y) = -13*y + 12*y - 12 - o + 5. Give q(-9).
-5
Let z(o) = -4*o**2 - 15*o - 3. Let x(q) = -q**2 - 4*q - 1. Let d(j) = 9*x(j) - 2*z(j). Suppose 2*h - 4 + 16 = 0. Let v = 1 + h. Determine d(v).
2
Let w(t) = 8*t + 139. Suppose -5*f - 4 = 10*o - 11*o, -4 = f. Determine w(o).
11
Let c(r) = -r**3 - 8*r**2 + 4. Let t be c(-8). Suppose -3*i = -b - 0*b + 12, -13 = -t*b + 5*i. Let a = 4 + b. Let y(x) = 8*x - 1. Calculate y(a).
7
Let v(q) = -930664*q + 3*q**3 + 2*q**2 + 0*q**2 + 930666*q - 6. Determine v(0).
-6
Let g(p) = -24*p - 4. Suppose -4*x + 14 = -2. Let w be 3/(3 - 2) + x. Let y(r) = 16*r + 3. Let k(o) = w*y(o) + 5*g(o). What is k(2)?
-15
Let k(h) = h**2 + 5*h + 3. Suppose -5*q + x = 35, 4*q + 57 = 2*x - 7*x. Let v be (q/(-5))/(3/360). Let a be v/(-33) + 0 - (-8)/(-44). Calculate k(a).
9
Let i(o) be the first derivative of -15*o**2/2 + 141*o + 1395. Determine i(10).
-9
Let h(a) = 12*a + 11. Let x(q) = -q**2 - 39*q - 336. Let w be x(-13). What is h(w)?
35
Let w(l) = -2*l + 7*l + 10*l + 7 - 2 - l. Give w(6).
89
Let j(g) = 2*g - 1. Let t = 650 + -335. Let r = t + -311. What is j(r)?
7
Let c(g) be the second derivative of -1/180*g**6 + 0*g**2 + 0 - 16/3*g**3 + 5/24*g**4 + 37*g - 1/30*g**5. Let u(z) be the second derivative of c(z). Give u(-4).
-11
Let h(g) = -135*g + 5 + 53*g + 62*g + 53*g. Determine h(-1).
-28
Let x(q) = q**2 + 6*q - 2. Let d = 51 + -50. Let m be 27/(-4) - d/4. What is x(m)?
5
Let w(m) = -2*m**2 - 13*m + 75. Suppose 2*c - 8 = -11*t + 13*t, c - 4*t - 4 = 0. Determine w(c).
-9
Let y(m) = m**3 + 3*m**2 - 7*m - 3. Let l(p) be the second derivative of -6*p + 1/20*p**5 + 3*p**2 - p**4 + 0 + 5/3*p**3. Let c be l(11). Determine y(c).
-18
Let r(w) be the third derivative of w**4/6 - 5*w**3/2 + 85*w**2. What is r(5)?
5
Let x be 61/3 - (2/3)/(-1). Suppose 0 = -7*l - 35 - x. Let p(d) = -d**2 - 7*d. Calculate p(l).
-8
Let v(z) = z - 1. Let g be 112/10 + 7 - (-64)/80. What is v(g)?
18
Let u(w) = -w + 13. Suppose 6*i = 3*i. Let q be (7 + i)*(-30)/(-21). Let h be u(q). Let m(r) = -r**3 + 3*r**2 + r - 4. Calculate m(h).
-1
Suppose 4*v - 75 = 12*a - 11*a, v - 2*a = 10. Let w be 2/v*4*45/18. Let i(n) = 2*n**3 + 2*n - 1. What is i(w)?
3
Let k(r) = 4*r**3 + 2*r**2 - 1. Let j be k(1). Let i(f) = -9*f + 8*f - 17 - f + 8*f. Let y(u) = -3*u + 8. Let x(s) = -6*i(s) - 13*y(s). What is x(j)?
13
Suppose 3*o - 10 = -7*i - 53, 5*i = -5*o - 45. Let q(y) = -y**3 - 3*y**2 + 11*y - 5. Give q(o).
-10
Let d(u) = 3*u**2 + 9*u + 8. Let k(g) = g**3 - 18*g**2 + 20*g - 47. Let v be k(17). Let q(b) = -8*b**2 - 27*b - 23. Let o(c) = v*q(c) + 11*d(c). Calculate o(9).
-4
Let n = -55 - -160. Let q = n - 98. Let a(i) = -2*i + 8. What is a(q)?
-6
Let n(q) = 31*q - 5. Let h(w) = w - 1. Let d(s) = 2*h(s) - n(s). Let j be d(-2). Suppose -4*b = -j + 45. Let g(c) = -c**3 + 5*c**2 - 4*c + 6. What is g(b)?
6
Let q(u) be the third derivative of -u**6/40 + u**4/8 + u**3/3 - 5718*u**2. Determine q(-2).
20
Let p(g) = 2*g**2 - 6*g - 5. Let a(v) = 2*v**2 - 5*v - 4. Let y(i) = -3*a(i) + 2*p(i). Suppose -24*z + 753 = -27*z. Let s = z + 255. What is y(s)?
-18
Let w(c) = 17*c - 10 - 13*c - 10*c + 34*c - 12*c - 18*c. Let i be 4/14 + 176/(-28). Calculate w(i).
2
Suppose -7*w + 43 = -20. Let d be (-3)/w*-9 - 0. Let t(q) = 2*q + 2*q - 2 - d*q. Determine t(4).
2
Suppose -20*z + 31*z + 134 = 78*z. Let s(n) = -30*n + 5. Give s(z).
-55
Let k(w) be the first derivative of -w**3/3 + 2*w**2 + 66*w - 3007. Give k(0).
66
Let r(d) = 734 + 738 + 773 - 3*d - 2186. Calculate r(22).
-7
Let q = 4 + -2. Suppose 0 = -4*b + 3*x - q*x - 10, -13 = 3*b + 2*x. Let w(n) = -2*n**2 + n**2 - 33 + 13 - 2*n + 18. Determine w(b).
-5
Suppose -5*s + 4*v + 27 = 0, 2*v = -4*s + 7*s - 15. Let g(p) = -p**s - 150 - p**2 + 154 + 0*p**3 - 3*p. Determine g(-3).
31
Suppose 3*v - q = -76, -4*q = -v - 6*q - 30. Let r be (-18)/30 + v/(-10). Let f(j) = -3*j + 2. Determine f(r).
-4
Let r(g) = -8*g - 116. Let s = -2202 + 2188. Determine r(s).
-4
Let g(m) = -173*m - 1948. Let v(b) = 20*b + 243. Let z(l) = -2*g(l) - 17*v(l). What is z(39)?
-1
Let u(q) = 2*q + 6. Let a(s) = -18*s + 19 + 31*s - 16*s. Let w be a(5). Suppose 2*m = 3*k + 7, m + w*k - 10 + 1 = 0. Calculate u(m).
16
Let m = 71 - 71. Suppose 3*u = -5*h, m = -7*h + 2*h + 2*u. Let l(q) = -q**3 - q**2 + q - 4. Give l(h).
-4
Suppose 0 = 145*a - 137*a - 224. Let f(z) = -z**3 + z + 17*z**2 + 11*z**2 - 11 - a*z**2. Calculate f(0).
-11
Let o(p) = 5 - p + 2*p - 1. Let f(x) = 4*x**2 - 16. Let s be f(7). Suppose 5*l + s - 155 = 0. Give o(l).
-1
Let y = -4 - -1. Let g(t) = -21*t**2 + 2*t**3 - 39*t**2 + 4 + 94*t**2 - 32*t**2. Give g(y).
-32
Suppose -2*y + 6*y = -l + 1, 4*y = -2*l + 2. Let h(k) = 15*k**2 + 17*k - 17. Determine h(l).
15
Let x(p) = p**3 - 6*p**2 + 3*p - 78. Suppose -3*v + 704*c - 699*c - 19 = 0, 5*v = 2*c + 19. Give x(v).
-8
Let d be -1 + 2 - 36*12/(-18). Let p(j) = j**2 - 22*j - 20. Calculate p(d).
55
Suppose -38 = -5*w - 28. Let z(o) = -6 + 100*o + o**3 - 50*o - 8 + 11*o**w - 50*o. What is z(-11)?
-14
Let p(k) = -k**3 - 5*k**2 + 5*k - 8. Suppose d - 17 = -u, -4*u + 88 - 3 = 5*d. Suppose 24 = 13*w - d*w. What is p(w)?
-2
Let r(k) be the third derivative of k**6/120 + k**5/3 - 4*k**3 - 12268*k**2. Calculate r(-20).
-24
Let a(g) = -2*g**2 - 13*g + 11. Suppose -2*v - 14 = 4*k, -3*v + 4 = -k - 24. What is a(k)?
4
Let q(x) be the first derivative of -7*x**2/2 + 9904. Determine q(-2).
14
Suppose -11*d = -0*d - 23 - 21. Let y(v) = -5*v + 4. Calculate y(d).
-16
Let x(p) be the second derivative of p**3 - 13*p**2 - 32*p - 12. Calculate x(4).
-2
Let i = 3691 - 3688. Let u = -4 - -9. Let